 greatest common factor of d and 745.
149
Let a(u) = -u**2 - 4*u. Let b be a(-3). Let s = 6374 + -6370. Suppose d - s = -2*w + w, b*d = 0. Calculate the greatest common factor of 32 and w.
4
Let m(a) = 2*a + 38. Let b be m(-12). Let h = -1491 - -1610. What is the greatest common factor of h and b?
7
Let p = -215 - -296. Suppose 2*a - 2*c - p = -9, -41 = -a + 2*c. Calculate the greatest common divisor of 1 and a.
1
Let c be -1 + 0 - (-172 - 1). Let h = 1859 - 1743. Let z = c - h. What is the greatest common factor of z and 7?
7
Let i = -327958 - -329165. Suppose -k + 213 = 2*k. Calculate the greatest common factor of i and k.
71
Suppose 3*x + 8*x - 14 - 118 = 0. What is the greatest common factor of x and 5988?
12
Let p be ((-2)/(-8))/((-27)/108). Let z be 760 + -4 - (-4)/(p/(-1)). Calculate the highest common factor of z and 40.
40
Let n(m) = -8*m + 274. Let l be n(25). Calculate the highest common divisor of l and 592.
74
Let t = -321 + 305. Let y be (-5)/40 - 322/t. What is the highest common divisor of y and 90?
10
Suppose -792 - 1371 = -3*d - 5*p, -2849 = -4*d + 5*p. Suppose -5*h - 63 + 1008 = 5*i, -d = -4*i + 4*h. What is the greatest common divisor of 23 and i?
23
Let n(x) = -x**3 - 5*x**2 - 12*x + 17. Let t be n(-6). What is the greatest common factor of 250 and t?
125
Let b be 18*(23 + 6 + 7). What is the greatest common factor of 64 and b?
8
Let n(t) = 21*t - 9 - 1 + 45 - 8. Let h be n(9). What is the highest common factor of h and 27?
27
Let f(i) = i**2 - 12*i - 12*i - 6 + 26*i. Let b be f(-6). Let v be (11*-9)/(b/(-12)). Calculate the highest common factor of v and 22.
22
Let c = -1 - -6. Suppose -6*m + 5 = -m. Suppose -5*z + 24 = -m. What is the highest common factor of c and z?
5
Suppose -8*w + 3223 = 231. Suppose -3*z + w = 8*z. Suppose 4 = -n + 3*n. What is the greatest common divisor of n and z?
2
Let q be (((-1)/1)/1)/1. Let j be (60/(-8))/(q/2). Suppose -1455 = 41*z - 138*z. What is the highest common divisor of z and j?
15
Let y(j) = j + 13. Let x be y(-4). Suppose -z + 4 + 0 = 0. Let o be ((-35)/z - -2)/((-12)/64). Calculate the greatest common factor of o and x.
9
Let y be 8 + (-11535)/(-25 + 10). Calculate the highest common factor of y and 999.
111
Let g(i) = -9*i. Let l = -32 - -21. Let p be g(l). Suppose -5*v = 3*k - 37, -18*k + 18 = -21*k. What is the highest common factor of v and p?
11
Suppose -4*v + 261 = -3*t + 4*t, 4*v = -4*t + 264. What is the highest common factor of v and 3055?
65
Let w = 279 + -282. Let r be (-10)/(w + 690/234). What is the highest common factor of r and 130?
65
Let m be (-27)/(-4) + (-27)/36. Suppose m*y - 2155 + 763 = 0. What is the highest common factor of y and 58?
58
Suppose -483322 = 48*h - 209*h. Calculate the highest common divisor of h and 869.
79
Let o = 880 - 886. Let w be (6/(-5))/o - (-16366)/70. What is the greatest common divisor of 26 and w?
26
Suppose 0 = 4*h + 3*g - 3220 + 652, -g + 641 = h. Calculate the highest common divisor of 75 and h.
15
Let y = 2696 - 2368. Calculate the greatest common factor of 5084 and y.
164
Let g be 3 + -4 + -3 - (10 + -9 + -9). Let h = 22 - 13. Calculate the highest common divisor of g and h.
1
Suppose -221*c - 200 = -223*c. Let y be -3*694/(-6) - 30/(-10). What is the highest common factor of c and y?
50
Let f = 10193 + -9218. What is the greatest common factor of 4425 and f?
75
Suppose 8*z + 11*z + 1013 = 8081. What is the greatest common factor of 589 and z?
31
Let x = 26 - -118. Suppose -4*k - k = -25, -k + 7 = n. Suppose -167 = -n*l - 5*b, l + 0*b - 101 = b. Calculate the highest common divisor of x and l.
48
Suppose 0*k = -5*f + 4*k - 6, k - 3 = 2*f. Let w = f - -26. Suppose -5*y + 2*v = -1076, -v + 5 = 3. What is the greatest common divisor of y and w?
24
Let n be 1896/20*28/(-8)*200/(-105). Calculate the highest common divisor of 79 and n.
79
Let d be 0 + 0 + (-5 - 4). Let f be (-16)/12*d/(-3). Let r(u) = -73*u - 13. Let p be r(f). What is the highest common divisor of 31 and p?
31
Suppose 74*w + 14040 = 158*w - 76*w. Calculate the highest common factor of 130 and w.
65
Let o = 13492 - 9428. Calculate the highest common divisor of o and 32.
32
Let u(a) = a**2 + 2*a - 4. Let n be 2/8 + -7 + 301/28. Let k be u(n). Let x be (-4932)/(-15) + 1 + 4/k. Calculate the highest common factor of 33 and x.
33
Suppose 0 = -v - q + 409 + 121, 2*q + 524 = v. What is the greatest common factor of 240 and v?
48
Let b be -7 - (-28580)/240 - 1/12. Calculate the greatest common divisor of 432 and b.
16
Suppose -1473 = 18*a - 105. Suppose 355 = -4*t - 3*x, -6*t = -t + x + 452. Let r = a - t. Calculate the highest common divisor of 3 and r.
3
Let u(t) = -2*t**3 - 3*t**2 - 110*t - 157. Let i be u(-9). What is the highest common factor of i and 24?
8
Suppose -79*n + 41*n + 22*n = -1216. What is the highest common factor of 28 and n?
4
Let c be 143 - (1 - -1)/(-2 - -3). Let u be 10/(-45) - c/(-27). Suppose d + 3*a = -3*d + 1552, -u*d + 1921 = -a. What is the highest common factor of d and 55?
55
Let a(j) = 19*j + 6. Let g(q) = q + 1. Let t(p) = a(p) - 2*g(p). Let w = 4729 - 4728. Let s be t(w). Calculate the highest common divisor of s and 21.
21
Suppose -5*w + 2*x + 87 = -119, 0 = -w + x + 40. Suppose -372*c + 6803 = 2339. Calculate the greatest common divisor of w and c.
6
Let b be -1 - (-2)/((-6)/(-9)). Suppose -2*p = -2*j + 18, -j = -99*p + 97*p - 16. Calculate the highest common factor of b and j.
2
Let q = 404 + -395. Suppose -4*f = -l + 31, -2*l + 5*l - 84 = 3*f. What is the greatest common factor of q and l?
9
Let q be ((-743)/3)/(34/(-102)). Suppose -857 = -10*a + q. Calculate the highest common divisor of 20 and a.
20
Let b(w) = -w**3 + 5*w**2 + 10*w - 9. Let s be b(6). Suppose -35*l = -6945 + 6735. What is the highest common divisor of l and s?
3
Let f = 258 - 72. Suppose 66 = -k + f. What is the greatest common factor of 24 and k?
24
Let m(l) = -l**3 + 9*l**2 - 13*l + 31. Let u be m(8). Let k be -9 - (4131/9)/u. What is the highest common factor of k and 6?
6
Let h = 238 + -113. Let g = h + -77. Calculate the highest common factor of 64 and g.
16
Let r be (-4)/2 + 720 + (1 - -3). Suppose -26*b = -45*b + r. Calculate the highest common factor of b and 95.
19
Suppose -29*d - 6882 = -260632. Calculate the greatest common factor of d and 70.
70
Let z = 6030 + -1450. What is the highest common factor of z and 20?
20
Suppose 3*x - 4*f = 17, 5*x - 9 = 4*f + 30. Let a be 38/5 - 4/(-10). Suppose a*z - 176 = 4*z. Calculate the highest common factor of z and x.
11
Let d be (-34)/((-1)/(2/4)). Let r be 59/(-1770) + (-2551)/(-30). Calculate the greatest common divisor of r and d.
17
Let o be 87*(3/27 + (-492)/(-108)). What is the greatest common factor of 14 and o?
14
Let c be (-267)/(55/(-161) - ((-704)/368)/(-22)). Calculate the greatest common divisor of 112 and c.
7
Suppose 34*a - 19600 = -2396. Calculate the highest common factor of 138 and a.
46
Suppose 24 = 2*b + 5*f, 0*b - 4*f = 3*b - 36. Let x(y) = -22*y + b*y + 22 - 1 + 11*y. Let v be x(6). Calculate the highest common divisor of v and 6.
3
Let i(j) = j**3 - 5*j**2 - 18*j - 32. Let p be i(8). Calculate the greatest common factor of 536 and p.
8
Suppose -2*t + 0*t = -5*z - 79, 0 = -3*z + 15. Calculate the greatest common divisor of 221 and t.
13
Let o be -1 + (-33)/(-15) - (-7980)/100. Calculate the greatest common factor of o and 6561.
81
Suppose -3*z + 21 = -3*d, -3*d - 23 = -z - 6. Let k be (4/3 - (-223)/6)*z. What is the highest common factor of k and 44?
11
Let l = -1228 + 1721. Calculate the highest common divisor of 29 and l.
29
Let r be 3/36*4 - (-30789)/(-27). Let h be r/(-26) - 80/(-520). Suppose 0 = d + 4*d - 20. Calculate the greatest common divisor of d and h.
4
Let b(q) = q**2 - 22*q + 56. Suppose -24*n - 162 + 642 = 0. Let c be b(n). What is the greatest common factor of 688 and c?
16
Suppose -3*k + 46 = -p + 7, -2*p + 26 = 2*k. What is the greatest common divisor of k and 702?
13
Suppose -4*z - 3*x + 21 = 0, 6*x - x = 5*z - 70. What is the highest common factor of z and 753?
3
Let t be 531578/938 - (-2)/7. Calculate the greatest common divisor of 231 and t.
21
Suppose -2*q = 6*a - 1092, -3*q - 1424 = -5*a - 514. What is the greatest common divisor of 686 and a?
14
Let w be ((-594)/45)